{"id":4371,"date":"2025-01-08T17:20:48","date_gmt":"2025-01-08T23:20:48","guid":{"rendered":"https:\/\/camilamoda.com\/?post_type=product&#038;p=4371"},"modified":"2025-01-08T17:20:48","modified_gmt":"2025-01-08T23:20:48","slug":"on-guard-pasta-dentrifica-blanqueante-natural","status":"publish","type":"product","link":"https:\/\/camilamoda.com\/index.php\/producto\/on-guard-pasta-dentrifica-blanqueante-natural\/","title":{"rendered":"On Guard\u00ae Pasta Dentr\u00edfica Blanqueante Natural"},"content":{"rendered":"<p>La pasta dent\u00edfrica blanqueante natural sin fluoruro doTERRA combina los beneficios protectores de la mezcla propietaria On Guard de aceites esenciales CPTG Certificados de Pureza Total Garantizada\u00ae con otros ingredientes naturales que ayudan a reducir la placa y a limpiar y blanquear los dientes con suaves agentes pulidores.<\/p>\n<p>&nbsp;<\/p>\n<p>La mezcla On Guard de aceites esenciales de naranja silvestre, clavo, canela, eucalipto y romero mejora la actividad de limpieza. Los aceites esenciales adicionales de menta y gaulteria, y el edulcorante natural xylitol, dan a la pasta dent\u00edfrica blanqueante natural On Guard un exclusivo y refrescante sabor a canela-menta que deja la boca y el cepillo dental frescos y limpios a lo largo del d\u00eda.<\/p>\n<p>&nbsp;<\/p>\n<p>Instrucciones de Uso<\/p>\n<p>Cepillar a fondo, preferiblemente despu\u00e9s de cada comida o por lo menos por la ma\u00f1ana y la noche. Para mejores resultados, despu\u00e9s del cepillado, enjuagar la boca con 240 mL de agua y una gota de la mezcla de aceites esenciales On Guard.<\/p>\n<p>&nbsp;<\/p>\n<p>Beneficios<\/p>\n<p>La mezcla patentada de aceites esenciales doTERRA On Guard contiene naranja silvestre, clavo, canela, eucalipto y romero para limpiar y refrescar el aliento.<\/p>\n<p>El aceite esencial de mirra relaja la boca, las enc\u00edas y la garganta.<\/p>\n<p>El aceite esencial de menta y la mezcla doTERRA On Guard combinados dejan el aliento fresco y con un agradable olor a canela-menta. Calcium hydroxyapatite ayuda a mantener los dientes con una apariencia limpia y saludable.<\/p>\n<p>El edulcorante natural xylitol tiene un delicioso sabor y ayuda a mantener limpios los dientes y las enc\u00edas. Hydrated silica es un abrasivo natural que ayuda a eliminar placa y manchas dentales, pero es lo suficientemente suave para no da\u00f1ar el esmalte dental.<\/p>\n<h2><\/h2>\n","protected":false},"excerpt":{"rendered":"<p>Tama\u00f1o 4onz<\/p>\n","protected":false},"featured_media":4372,"comment_status":"open","ping_status":"closed","template":"","meta":{"site-sidebar-layout":"default","site-content-layout":"","ast-site-content-layout":"default","site-content-style":"default","site-sidebar-style":"default","ast-global-header-display":"","ast-banner-title-visibility":"","ast-main-header-display":"","ast-hfb-above-header-display":"","ast-hfb-below-header-display":"","ast-hfb-mobile-header-display":"","site-post-title":"","ast-breadcrumbs-content":"","ast-featured-img":"","footer-sml-layout":"","ast-disable-related-posts":"","theme-transparent-header-meta":"default","adv-header-id-meta":"","stick-header-meta":"","header-above-stick-meta":"","header-main-stick-meta":"","header-below-stick-meta":"","astra-migrate-meta-layouts":"set","ast-page-background-enabled":"default","ast-page-background-meta":{"desktop":{"background-color":"","background-image":"","background-repeat":"repeat","background-position":"center center","background-size":"auto","background-attachment":"scroll","background-type":"","background-media":"","overlay-type":"","overlay-color":"","overlay-opacity":"","overlay-gradient":""},"tablet":{"background-color":"","background-image":"","background-repeat":"repeat","background-position":"center center","background-size":"auto","background-attachment":"scroll","background-type":"","background-media":"","overlay-type":"","overlay-color":"","overlay-opacity":"","overlay-gradient":""},"mobile":{"background-color":"","background-image":"","background-repeat":"repeat","background-position":"center center","background-size":"auto","background-attachment":"scroll","background-type":"","background-media":"","overlay-type":"","overlay-color":"","overlay-opacity":"","overlay-gradient":""}},"ast-content-background-meta":{"desktop":{"background-color":"var(--ast-global-color-5)","background-image":"","background-repeat":"repeat","background-position":"center center","background-size":"auto","background-attachment":"scroll","background-type":"","background-media":"","overlay-type":"","overlay-color":"","overlay-opacity":"","overlay-gradient":""},"tablet":{"background-color":"var(--ast-global-color-5)","background-image":"","background-repeat":"repeat","background-position":"center center","background-size":"auto","background-attachment":"scroll","background-type":"","background-media":"","overlay-type":"","overlay-color":"","overlay-opacity":"","overlay-gradient":""},"mobile":{"background-color":"var(--ast-global-color-5)","background-image":"","background-repeat":"repeat","background-position":"center center","background-size":"auto","background-attachment":"scroll","background-type":"","background-media":"","overlay-type":"","overlay-color":"","overlay-opacity":"","overlay-gradient":""}},"_joinchat":[]},"product_brand":[],"product_cat":[166,164],"product_tag":[],"class_list":{"0":"post-4371","1":"product","2":"type-product","3":"status-publish","4":"has-post-thumbnail","6":"product_cat-cuidado-oral","7":"product_cat-cuidado-personal","8":"desktop-align-center","9":"tablet-align-left","10":"mobile-align-left","12":"first","13":"instock","14":"shipping-taxable","15":"purchasable","16":"product-type-simple"},"aioseo_notices":[],"jetpack_sharing_enabled":true,"_links":{"self":[{"href":"https:\/\/camilamoda.com\/index.php\/wp-json\/wp\/v2\/product\/4371","targetHints":{"allow":["GET"]}}],"collection":[{"href":"https:\/\/camilamoda.com\/index.php\/wp-json\/wp\/v2\/product"}],"about":[{"href":"https:\/\/camilamoda.com\/index.php\/wp-json\/wp\/v2\/types\/product"}],"replies":[{"embeddable":true,"href":"https:\/\/camilamoda.com\/index.php\/wp-json\/wp\/v2\/comments?post=4371"}],"wp:featuredmedia":[{"embeddable":true,"href":"https:\/\/camilamoda.com\/index.php\/wp-json\/wp\/v2\/media\/4372"}],"wp:attachment":[{"href":"https:\/\/camilamoda.com\/index.php\/wp-json\/wp\/v2\/media?parent=4371"}],"wp:term":[{"taxonomy":"product_brand","embeddable":true,"href":"https:\/\/camilamoda.com\/index.php\/wp-json\/wp\/v2\/product_brand?post=4371"},{"taxonomy":"product_cat","embeddable":true,"href":"https:\/\/camilamoda.com\/index.php\/wp-json\/wp\/v2\/product_cat?post=4371"},{"taxonomy":"product_tag","embeddable":true,"href":"https:\/\/camilamoda.com\/index.php\/wp-json\/wp\/v2\/product_tag?post=4371"}],"curies":[{"name":"wp","href":"https:\/\/api.w.org\/{rel}","templated":true}]}}