{"id":2853,"date":"2024-01-15T12:32:06","date_gmt":"2024-01-15T18:32:06","guid":{"rendered":"http:\/\/camilamoda.com\/?post_type=product&#038;p=2853"},"modified":"2024-11-15T23:38:51","modified_gmt":"2024-11-16T05:38:51","slug":"milti-barra-para-ojos-labios-y-mejillas","status":"publish","type":"product","link":"https:\/\/camilamoda.com\/index.php\/producto\/milti-barra-para-ojos-labios-y-mejillas\/","title":{"rendered":"Milti Barra Para Ojos, Labios y Mejillas"},"content":{"rendered":"<p>Qu\u00e9 es: un rubor en barra, de crema a polvo, que se puede usar en todas partes y que brinda un beso de color altamente difuminado en ojos, labios y mejillas.<\/p>\n<p><span style=\"font-size: 16px;\">Por qu\u00e9 amamos:<\/span><\/p>\n<p><span style=\"font-size: 16px;\">Maquillaje vers\u00e1til y multibarra para ojos, labios y mejillas.<\/span><\/p>\n<p>F\u00f3rmula ligera y no grasa en un formato de rubor en barra de tendencia.<\/p>\n<p>Ropa infalible y combinable<\/p>\n<p>Tama\u00f1o perfecto para retoques sobre la marcha<\/p>\n<p>Ingredientes principales:<\/p>\n<p><span style=\"font-size: 16px;\">Manteca de karit\u00e9: nutre la piel para un acabado suave<\/span><\/p>\n<p>Vitamina E: aporta un refrescante impulso de hidrataci\u00f3n.<\/p>\n<p>Una barra de maquillaje multiusos, toda la versatilidad. Este rubor en barra en crema tambi\u00e9n funciona con el tiempo como sombra de ojos y l\u00e1piz labial, brindando un magn\u00edfico toque de color donde lo desees. La f\u00f3rmula nutritiva se desliza y se difumina perfectamente, fundi\u00e9ndose con la piel para un acabado fresco y favorecedor.<\/p>\n<p>&nbsp;<\/p>\n<p>Todo elfo. Los productos est\u00e1n elaborados con ingredientes que cuidan tu piel y que deseas a precios buenos para ti. Todo elfo. Los productos son 100% veganos, libres de crueldad animal y certificados como Jumping Bunny.<\/p>\n","protected":false},"excerpt":{"rendered":"<p>Marca E.L.F<\/p>\n<p>Tono: Peon\u00eda Deslumbrante<\/p>\n","protected":false},"featured_media":2854,"comment_status":"open","ping_status":"closed","template":"","meta":{"site-sidebar-layout":"default","site-content-layout":"","ast-site-content-layout":"default","site-content-style":"default","site-sidebar-style":"default","ast-global-header-display":"","ast-banner-title-visibility":"","ast-main-header-display":"","ast-hfb-above-header-display":"","ast-hfb-below-header-display":"","ast-hfb-mobile-header-display":"","site-post-title":"","ast-breadcrumbs-content":"","ast-featured-img":"","footer-sml-layout":"","ast-disable-related-posts":"","theme-transparent-header-meta":"default","adv-header-id-meta":"","stick-header-meta":"","header-above-stick-meta":"","header-main-stick-meta":"","header-below-stick-meta":"","astra-migrate-meta-layouts":"set","ast-page-background-enabled":"default","ast-page-background-meta":{"desktop":{"background-color":"","background-image":"","background-repeat":"repeat","background-position":"center center","background-size":"auto","background-attachment":"scroll","background-type":"","background-media":"","overlay-type":"","overlay-color":"","overlay-opacity":"","overlay-gradient":""},"tablet":{"background-color":"","background-image":"","background-repeat":"repeat","background-position":"center center","background-size":"auto","background-attachment":"scroll","background-type":"","background-media":"","overlay-type":"","overlay-color":"","overlay-opacity":"","overlay-gradient":""},"mobile":{"background-color":"","background-image":"","background-repeat":"repeat","background-position":"center center","background-size":"auto","background-attachment":"scroll","background-type":"","background-media":"","overlay-type":"","overlay-color":"","overlay-opacity":"","overlay-gradient":""}},"ast-content-background-meta":{"desktop":{"background-color":"var(--ast-global-color-5)","background-image":"","background-repeat":"repeat","background-position":"center center","background-size":"auto","background-attachment":"scroll","background-type":"","background-media":"","overlay-type":"","overlay-color":"","overlay-opacity":"","overlay-gradient":""},"tablet":{"background-color":"var(--ast-global-color-5)","background-image":"","background-repeat":"repeat","background-position":"center center","background-size":"auto","background-attachment":"scroll","background-type":"","background-media":"","overlay-type":"","overlay-color":"","overlay-opacity":"","overlay-gradient":""},"mobile":{"background-color":"var(--ast-global-color-5)","background-image":"","background-repeat":"repeat","background-position":"center center","background-size":"auto","background-attachment":"scroll","background-type":"","background-media":"","overlay-type":"","overlay-color":"","overlay-opacity":"","overlay-gradient":""}},"_joinchat":[]},"product_brand":[],"product_cat":[16,108],"product_tag":[],"class_list":{"0":"post-2853","1":"product","2":"type-product","3":"status-publish","4":"has-post-thumbnail","6":"product_cat-damas","7":"product_cat-maquillaje","8":"desktop-align-center","9":"tablet-align-left","10":"mobile-align-left","12":"first","13":"instock","14":"shipping-taxable","15":"product-type-simple"},"aioseo_notices":[],"jetpack_sharing_enabled":true,"_links":{"self":[{"href":"https:\/\/camilamoda.com\/index.php\/wp-json\/wp\/v2\/product\/2853","targetHints":{"allow":["GET"]}}],"collection":[{"href":"https:\/\/camilamoda.com\/index.php\/wp-json\/wp\/v2\/product"}],"about":[{"href":"https:\/\/camilamoda.com\/index.php\/wp-json\/wp\/v2\/types\/product"}],"replies":[{"embeddable":true,"href":"https:\/\/camilamoda.com\/index.php\/wp-json\/wp\/v2\/comments?post=2853"}],"wp:featuredmedia":[{"embeddable":true,"href":"https:\/\/camilamoda.com\/index.php\/wp-json\/wp\/v2\/media\/2854"}],"wp:attachment":[{"href":"https:\/\/camilamoda.com\/index.php\/wp-json\/wp\/v2\/media?parent=2853"}],"wp:term":[{"taxonomy":"product_brand","embeddable":true,"href":"https:\/\/camilamoda.com\/index.php\/wp-json\/wp\/v2\/product_brand?post=2853"},{"taxonomy":"product_cat","embeddable":true,"href":"https:\/\/camilamoda.com\/index.php\/wp-json\/wp\/v2\/product_cat?post=2853"},{"taxonomy":"product_tag","embeddable":true,"href":"https:\/\/camilamoda.com\/index.php\/wp-json\/wp\/v2\/product_tag?post=2853"}],"curies":[{"name":"wp","href":"https:\/\/api.w.org\/{rel}","templated":true}]}}